{"id":1499,"date":"2022-03-01T23:20:12","date_gmt":"2022-03-02T02:20:12","guid":{"rendered":"https:\/\/crp11.org.br\/?p=1499"},"modified":"2025-10-17T13:56:01","modified_gmt":"2025-10-17T16:56:01","slug":"contato","status":"publish","type":"page","link":"https:\/\/crp11.org.br\/?page_id=1499","title":{"rendered":"contato"},"content":{"rendered":"\t\t<div data-elementor-type=\"wp-post\" data-elementor-id=\"1499\" class=\"elementor elementor-1499\" data-elementor-post-type=\"page\">\n\t\t\t\t\t\t<section class=\"elementor-section elementor-top-section elementor-element elementor-element-27acbef elementor-section-boxed elementor-section-height-default elementor-section-height-default\" data-id=\"27acbef\" data-element_type=\"section\">\n\t\t\t\t\t\t<div class=\"elementor-container elementor-column-gap-default\">\n\t\t\t\t\t<div class=\"elementor-column elementor-col-100 elementor-top-column elementor-element elementor-element-e661780\" data-id=\"e661780\" data-element_type=\"column\">\n\t\t\t<div class=\"elementor-widget-wrap\">\n\t\t\t\t\t\t\t<\/div>\n\t\t<\/div>\n\t\t\t\t\t<\/div>\n\t\t<\/section>\n\t\t\t\t<section class=\"elementor-section elementor-top-section elementor-element elementor-element-f92aa52 elementor-section-boxed elementor-section-height-default elementor-section-height-default\" data-id=\"f92aa52\" data-element_type=\"section\">\n\t\t\t\t\t\t<div class=\"elementor-container elementor-column-gap-default\">\n\t\t\t\t\t<div class=\"elementor-column elementor-col-100 elementor-top-column elementor-element elementor-element-98f7848\" data-id=\"98f7848\" data-element_type=\"column\">\n\t\t\t<div class=\"elementor-widget-wrap elementor-element-populated\">\n\t\t\t\t\t\t<section class=\"elementor-section elementor-inner-section elementor-element elementor-element-2f21f49 elementor-section-boxed elementor-section-height-default elementor-section-height-default\" data-id=\"2f21f49\" data-element_type=\"section\">\n\t\t\t\t\t\t<div class=\"elementor-container elementor-column-gap-default\">\n\t\t\t\t\t<div class=\"elementor-column elementor-col-50 elementor-inner-column elementor-element elementor-element-aa7a7f7\" data-id=\"aa7a7f7\" data-element_type=\"column\">\n\t\t\t<div class=\"elementor-widget-wrap elementor-element-populated\">\n\t\t\t\t\t\t<div class=\"elementor-element elementor-element-61a3ee9 elementor-widget__width-initial elementor-widget elementor-widget-text-editor\" data-id=\"61a3ee9\" data-element_type=\"widget\" data-widget_type=\"text-editor.default\">\n\t\t\t\t<div class=\"elementor-widget-container\">\n\t\t\t\t\t\t\t\t\t<div style=\"font-family: Arial, Helvetica, sans-serif; color: #333333; font-size: 14px; line-height: 1.5;\"><h3>Para entrar em contato conosco, envie mensagem diretamente para cada setor, utilizando os endere\u00e7os eletr\u00f4nicos abaixo:<\/h3><p><strong>Setor de Cadastro\/Registro:<\/strong><br \/>cadastro@crp11.org.br<\/p><p><strong>Setor de Cadastro\/Registro de Pessoa Jur\u00eddica:<\/strong><br \/>pessoajuridica@crp11.org.br<\/p><p><strong>Setor de Contas a Receber:<\/strong><br \/>cobranca@crp11.org.br<\/p><p><strong>Ouvidoria:<\/strong><br \/>ouvidoria@crp11.org.br<\/p><p><strong>Setor de Orienta\u00e7\u00e3o e Fiscaliza\u00e7\u00e3o (COF):<\/strong><br \/>cof@crp11.org.br<\/p><p><strong>Setor de Orienta\u00e7\u00e3o e \u00c9tica (COE):<\/strong><br \/>coe@crp11.org.br<\/p><p><strong>Centro de Refer\u00eancias T\u00e9cnicas em Psicologia e Pol\u00edticas P\u00fablicas (CREPOP):<\/strong><br \/>crepop@crp11.org.br<\/p><p><strong>Setor de Compras e Licita\u00e7\u00f5es:<\/strong><br \/>compras@crp11.org.br \/ licitacao@crp11.org.br<\/p><p><strong>Setor de Log\u00edstica e Eventos:<\/strong><br \/>eventos@crp11.org.br<\/p><p><strong>Assessora da Diretoria:<\/strong><br \/>assedir@crp11.org.br<\/p><p><strong>Coordena\u00e7\u00e3o Geral:<\/strong><br \/>coordenacao@crp11.org.br<\/p><p><strong>Imprensa e Comunica\u00e7\u00e3o:<\/strong><br \/>assecom@crp11.org.br<\/p><\/div>\t\t\t\t\t\t\t\t<\/div>\n\t\t\t\t<\/div>\n\t\t\t\t\t<\/div>\n\t\t<\/div>\n\t\t\t\t<div class=\"elementor-column elementor-col-50 elementor-inner-column elementor-element elementor-element-3ada911\" data-id=\"3ada911\" data-element_type=\"column\">\n\t\t\t<div class=\"elementor-widget-wrap elementor-element-populated\">\n\t\t\t\t\t\t<div class=\"elementor-element elementor-element-6bda6f0 elementor-widget__width-initial elementor-widget elementor-widget-text-editor\" data-id=\"6bda6f0\" data-element_type=\"widget\" data-widget_type=\"text-editor.default\">\n\t\t\t\t<div class=\"elementor-widget-container\">\n\t\t\t\t\t\t\t\t\t<div style=\"font-family: Arial, Helvetica, sans-serif; color: #333333; font-size: 14px; line-height: 1.5;\"><h3 style=\"margin-top: 20px;\"><strong>Telefones Institucionais CRP &#8211; 11<\/strong><\/h3><p><strong>SETOR N\u00ba RESPONS\u00c1VEL<\/strong><\/p><p><strong>Assessoria da Dire\u00e7\u00e3o:<\/strong><br \/>(85) 9 9978-4529<\/p><p><strong>Setor de Cadastro\/Registro (inscri\u00e7\u00e3o, reinscri\u00e7\u00e3o, transfer\u00eancia, 2\u00aa via, entre outros servi\u00e7os de pessoa f\u00edsica):<\/strong><br \/>(85) 9 9978-2289<\/p><p><strong>Setor de Cadastro\/Registro \u2013 Subsede Cariri:<\/strong><br \/>(88) 9 8155-2109<\/p><p><strong>Setor de Cadastro\/Registro \u2013 Subsede Norte:<\/strong><br \/>(85) 9 9978-2180<\/p><p><strong>Setor de Contas a Receber (boletos, anuidades, negocia\u00e7\u00e3o):<\/strong><br \/>(85) 9 9978-4114<\/p><p><strong>SOF (Setor de Orienta\u00e7\u00e3o e Fiscaliza\u00e7\u00e3o):<\/strong><br \/>11h \u00e0s 17h \u2013 (85) 99978-4480 (Fiscal Gabriela)<br \/>08h \u00e0s 14h \u2013 (85) 99104-5591 (Fiscal Juliane)<br \/>09h \u00e0s 15h \u2013 (85) 99104-6789 (Fiscal Cec\u00edlia)<\/p><p><strong>SOE (Setor de Orienta\u00e7\u00e3o e \u00c9tica):<\/strong><br \/>(85) 9 9978-4354<\/p><p><strong>CREPOP (Centro de Refer\u00eancia T\u00e9cnica em Psicologia e Pol\u00edticas P\u00fablicas):<\/strong><br \/>8h \u00e0s 14h \u2013 (88) 9 9932-4327<\/p><p><strong>Todos os setores de atendimento poder\u00e3o ser contatados atrav\u00e9s do WhatsApp:<\/strong><br \/>(85) 99978-2289<\/p><\/div>\t\t\t\t\t\t\t\t<\/div>\n\t\t\t\t<\/div>\n\t\t\t\t\t<\/div>\n\t\t<\/div>\n\t\t\t\t\t<\/div>\n\t\t<\/section>\n\t\t\t\t\t<\/div>\n\t\t<\/div>\n\t\t\t\t\t<\/div>\n\t\t<\/section>\n\t\t\t\t<\/div>\n\t\t","protected":false},"excerpt":{"rendered":"<p>Para entrar em contato conosco, envie mensagem diretamente para cada setor, utilizando os endere\u00e7os eletr\u00f4nicos abaixo: Setor de Cadastro\/Registro:cadastro@crp11.org.br Setor de Cadastro\/Registro de Pessoa Jur\u00eddica:pessoajuridica@crp11.org.br Setor de Contas a Receber:cobranca@crp11.org.br [&hellip;]<\/p>\n","protected":false},"author":1,"featured_media":0,"parent":0,"menu_order":0,"comment_status":"open","ping_status":"open","template":"elementor_header_footer","meta":{"footnotes":""},"class_list":["post-1499","page","type-page","status-publish","hentry"],"_links":{"self":[{"href":"https:\/\/crp11.org.br\/index.php?rest_route=\/wp\/v2\/pages\/1499","targetHints":{"allow":["GET"]}}],"collection":[{"href":"https:\/\/crp11.org.br\/index.php?rest_route=\/wp\/v2\/pages"}],"about":[{"href":"https:\/\/crp11.org.br\/index.php?rest_route=\/wp\/v2\/types\/page"}],"author":[{"embeddable":true,"href":"https:\/\/crp11.org.br\/index.php?rest_route=\/wp\/v2\/users\/1"}],"replies":[{"embeddable":true,"href":"https:\/\/crp11.org.br\/index.php?rest_route=%2Fwp%2Fv2%2Fcomments&post=1499"}],"version-history":[{"count":106,"href":"https:\/\/crp11.org.br\/index.php?rest_route=\/wp\/v2\/pages\/1499\/revisions"}],"predecessor-version":[{"id":5643,"href":"https:\/\/crp11.org.br\/index.php?rest_route=\/wp\/v2\/pages\/1499\/revisions\/5643"}],"wp:attachment":[{"href":"https:\/\/crp11.org.br\/index.php?rest_route=%2Fwp%2Fv2%2Fmedia&parent=1499"}],"curies":[{"name":"wp","href":"https:\/\/api.w.org\/{rel}","templated":true}]}}