{"id":170,"date":"2021-12-25T20:05:16","date_gmt":"2021-12-25T23:05:16","guid":{"rendered":"https:\/\/crp11.org.br\/?p=170"},"modified":"2025-06-23T16:28:42","modified_gmt":"2025-06-23T19:28:42","slug":"historico","status":"publish","type":"page","link":"https:\/\/crp11.org.br\/?page_id=170","title":{"rendered":"Hist\u00f3rico"},"content":{"rendered":"\t\t<div data-elementor-type=\"wp-post\" data-elementor-id=\"170\" class=\"elementor elementor-170\" data-elementor-post-type=\"page\">\n\t\t\t\t\t\t<section class=\"elementor-section elementor-top-section elementor-element elementor-element-91f2f85 elementor-section-boxed elementor-section-height-default elementor-section-height-default\" data-id=\"91f2f85\" data-element_type=\"section\">\n\t\t\t\t\t\t<div class=\"elementor-container elementor-column-gap-default\">\n\t\t\t\t\t<div class=\"elementor-column elementor-col-100 elementor-top-column elementor-element elementor-element-dc68a36\" data-id=\"dc68a36\" data-element_type=\"column\">\n\t\t\t<div class=\"elementor-widget-wrap elementor-element-populated\">\n\t\t\t\t\t\t<div class=\"elementor-element elementor-element-a4e6750 elementor-widget elementor-widget-heading\" data-id=\"a4e6750\" data-element_type=\"widget\" data-widget_type=\"heading.default\">\n\t\t\t\t<div class=\"elementor-widget-container\">\n\t\t\t\t\t<h2 class=\"elementor-heading-title elementor-size-default\">Hist\u00f3rico<\/h2>\t\t\t\t<\/div>\n\t\t\t\t<\/div>\n\t\t\t\t<div class=\"elementor-element elementor-element-5b28602 elementor-widget elementor-widget-text-editor\" data-id=\"5b28602\" data-element_type=\"widget\" data-widget_type=\"text-editor.default\">\n\t\t\t\t<div class=\"elementor-widget-container\">\n\t\t\t\t\t\t\t\t\t<p style=\"text-align: justify;\">O Conselho Regional de Psicologia da 11\u00aa Regi\u00e3o \u2013 CRP11 \u00e9 uma autarquia de direito p\u00fablico que tem a finalidade de orientar, disciplinar, fiscalizar e regulamentar o exerc\u00edcio da profiss\u00e3o de psic\u00f3logo em todo o Estado do Cear\u00e1. \u00c9 tamb\u00e9m atribui\u00e7\u00e3o do Conselho zelar pela fiel observ\u00e2ncia dos princ\u00edpios \u00e9ticos e contribuir para o desenvolvimento da Psicologia como ci\u00eancia e profiss\u00e3o.<\/p><p style=\"text-align: justify;\">O Conselho Federal de Psicologia e os Regionais s\u00e3o inst\u00e2ncias mediadoras entre a Psicologia e a sociedade, com o objetivo de garantir a qualidade dos servi\u00e7os prestados. Sua cria\u00e7\u00e3o foi regulamentada pela Lei Federal n\u00b0 5.766, de 20 de dezembro de 1971.<\/p><p style=\"text-align: justify;\">O CRP11 foi criado no ano de 1992, com jurisdi\u00e7\u00e3o abrangendo os estados do Cear\u00e1, Piau\u00ed e Maranh\u00e3o. Anteriormente, este territ\u00f3rio era vinculado ao Conselho Regional de Psicologia da 2\u00aa Regi\u00e3o, sediado em Recife, estado de Pernambuco.<\/p><p style=\"text-align: justify;\">A jurisdi\u00e7\u00e3o do CRP11 abrangendo os tr\u00eas estados perdurou at\u00e9 o ano de 2013, quando foram criados os Conselhos Regionais de Psicologia da 21\u00aa e 22\u00aa Regi\u00f5es, dando, atrav\u00e9s de um processo gradual de desmembramento, autonomia administrativa e pol\u00edtica aos estados do Piau\u00ed e Maranh\u00e3o, respectivamente.<\/p><p style=\"text-align: justify;\">O crescimento do n\u00famero de psic\u00f3logos foi lento at\u00e9 a \u00faltima d\u00e9cada, reflexo dos poucos cursos de gradua\u00e7\u00e3o existentes. No entanto, com o aumento do n\u00famero de cursos e vagas dispon\u00edveis nas gradua\u00e7\u00f5es, esse crescimento tem acelerado nos \u00faltimos anos. Hoje, o CRP11 possui aproximadamente quatorze mil e trezentos e vinte e um (14.321) profissionais registrados. Esses n\u00fameros variam a cada m\u00eas devido aos processos de inscri\u00e7\u00e3o, cancelamento e transfer\u00eancia tramitados todos os meses.<\/p>\t\t\t\t\t\t\t\t<\/div>\n\t\t\t\t<\/div>\n\t\t\t\t\t<\/div>\n\t\t<\/div>\n\t\t\t\t\t<\/div>\n\t\t<\/section>\n\t\t\t\t<\/div>\n\t\t","protected":false},"excerpt":{"rendered":"<p>Hist\u00f3rico O Conselho Regional de Psicologia da 11\u00aa Regi\u00e3o \u2013 CRP11 \u00e9 uma autarquia de direito p\u00fablico que tem a finalidade de orientar, disciplinar, fiscalizar e regulamentar o exerc\u00edcio da [&hellip;]<\/p>\n","protected":false},"author":3,"featured_media":0,"parent":0,"menu_order":0,"comment_status":"closed","ping_status":"open","template":"elementor_header_footer","meta":{"footnotes":""},"class_list":["post-170","page","type-page","status-publish","hentry"],"_links":{"self":[{"href":"https:\/\/crp11.org.br\/index.php?rest_route=\/wp\/v2\/pages\/170","targetHints":{"allow":["GET"]}}],"collection":[{"href":"https:\/\/crp11.org.br\/index.php?rest_route=\/wp\/v2\/pages"}],"about":[{"href":"https:\/\/crp11.org.br\/index.php?rest_route=\/wp\/v2\/types\/page"}],"author":[{"embeddable":true,"href":"https:\/\/crp11.org.br\/index.php?rest_route=\/wp\/v2\/users\/3"}],"replies":[{"embeddable":true,"href":"https:\/\/crp11.org.br\/index.php?rest_route=%2Fwp%2Fv2%2Fcomments&post=170"}],"version-history":[{"count":22,"href":"https:\/\/crp11.org.br\/index.php?rest_route=\/wp\/v2\/pages\/170\/revisions"}],"predecessor-version":[{"id":5121,"href":"https:\/\/crp11.org.br\/index.php?rest_route=\/wp\/v2\/pages\/170\/revisions\/5121"}],"wp:attachment":[{"href":"https:\/\/crp11.org.br\/index.php?rest_route=%2Fwp%2Fv2%2Fmedia&parent=170"}],"curies":[{"name":"wp","href":"https:\/\/api.w.org\/{rel}","templated":true}]}}