{"id":3891,"date":"2023-12-20T11:29:58","date_gmt":"2023-12-20T14:29:58","guid":{"rendered":"https:\/\/crp11.org.br\/?page_id=3891"},"modified":"2023-12-21T11:18:45","modified_gmt":"2023-12-21T14:18:45","slug":"inscricao-pessoa-fisica-orientacoes","status":"publish","type":"page","link":"https:\/\/crp11.org.br\/?page_id=3891","title":{"rendered":"Inscri\u00e7\u00e3o Pessoa F\u00edsica &#8211; Orienta\u00e7\u00f5es"},"content":{"rendered":"\t\t<div data-elementor-type=\"wp-post\" data-elementor-id=\"3891\" class=\"elementor elementor-3891\" data-elementor-post-type=\"page\">\n\t\t\t\t\t\t<section class=\"elementor-section elementor-top-section elementor-element elementor-element-91f2f85 elementor-section-boxed elementor-section-height-default elementor-section-height-default\" data-id=\"91f2f85\" data-element_type=\"section\">\n\t\t\t\t\t\t<div class=\"elementor-container elementor-column-gap-default\">\n\t\t\t\t\t<div class=\"elementor-column elementor-col-100 elementor-top-column elementor-element elementor-element-dc68a36\" data-id=\"dc68a36\" data-element_type=\"column\">\n\t\t\t<div class=\"elementor-widget-wrap elementor-element-populated\">\n\t\t\t\t\t\t<div class=\"elementor-element elementor-element-a4e6750 elementor-widget elementor-widget-heading\" data-id=\"a4e6750\" data-element_type=\"widget\" data-widget_type=\"heading.default\">\n\t\t\t\t<div class=\"elementor-widget-container\">\n\t\t\t\t\t<h2 class=\"elementor-heading-title elementor-size-default\">Registro Pessoa F\u00edsica<\/h2>\t\t\t\t<\/div>\n\t\t\t\t<\/div>\n\t\t\t\t<div class=\"elementor-element elementor-element-5b28602 elementor-widget elementor-widget-text-editor\" data-id=\"5b28602\" data-element_type=\"widget\" data-widget_type=\"text-editor.default\">\n\t\t\t\t<div class=\"elementor-widget-container\">\n\t\t\t\t\t\t\t\t\t<p><em>A inscri\u00e7\u00e3o junto ao Conselho Regional de Psicologia do Cear\u00e1\u00a0dever\u00e1 ser solicitada\u00a0ap\u00f3s a conclus\u00e3o e cola\u00e7\u00e3o de grau do curso de Psicologia\u00a0\u2014 Forma\u00e7\u00e3o de Psic\u00f3logo (reconhecido pelo Minist\u00e9rio da Educa\u00e7\u00e3o). Esta exig\u00eancia \u00e9 necess\u00e1ria, uma vez que a inscri\u00e7\u00e3o habilita ao exerc\u00edcio profissional e estabelece as prerrogativas previstas na lei que regulamenta a profiss\u00e3o de Psic\u00f3loga(o).<\/em><\/p><p>\u00a0<\/p><p><strong>Documentos obrigat\u00f3rios para inscri\u00e7\u00e3o no CRP-CE, conforme art. 8\u00ba e seguintes da Resolu\u00e7\u00e3o CFP n\u00ba003\/2007:<\/strong><\/p><ul><li>Documento de identifica\u00e7\u00e3o oficial com foto (RG; CNH; PASSAPORTE ou CTPS), dentro do per\u00edodo m\u00e1ximo de 10 anos de expedi\u00e7\u00e3o; <em>Obs: CTPS digital n\u00e3o \u00e9 considerado documento de identifica\u00e7\u00e3o<\/em><\/li><li>CPF;<\/li><li>T\u00edtulo de eleitor com os comprovantes de vota\u00e7\u00e3o da \u00faltima elei\u00e7\u00e3o (1\u00ba e 2\u00ba turno) ou certid\u00e3o de quita\u00e7\u00e3o eleitoral;\u00a0<\/li><li>Diploma de Psic\u00f3loga (o) ou certid\u00e3o ou declara\u00e7\u00e3o de grau carimbada, chancelada\u00a0e assinada por respons\u00e1vel da Institui\u00e7\u00e3o ou com <em>qrcode<\/em>;<\/li><li>Hist\u00f3rico emitido pela Institui\u00e7\u00e3o de Ensino Superior carimbada ou chancelada\u00a0e assinada por respons\u00e1vel da Institui\u00e7\u00e3o ou com <em>qrcode<\/em>em todas as folhas, constando registro de 4.000 horas e situa\u00e7\u00e3o conclu\u00edda\/graduado;<\/li><li>Comprovante de endere\u00e7o atualizado;\u00a0<\/li><li>Certificado de alistamento militar ou certificado de reservista para requerentes do sexo masculino e de at\u00e9 45 anos ou documento que justifique aus\u00eancia.<\/li><li>Certid\u00e3o de Casamento ou averba\u00e7\u00e3o de div\u00f3rcio (se houver);<\/li><\/ul><p><strong><em>Observa\u00e7\u00e3o:<\/em><\/strong><em> Ap\u00f3s o recebimento da solicita\u00e7\u00e3o, o setor administrativo confirmar\u00e1 a documenta\u00e7\u00e3o e far\u00e1 contato para o envio do boleto da taxa de inscri\u00e7\u00e3o, informa\u00e7\u00f5es sobre anuidade e sobre foto e coleta biom\u00e9trica dos dados para <strong>a confec\u00e7\u00e3o da nova Carteira de Identidade Profissional<\/strong>.<br \/><br \/><\/em><\/p><p><strong><em>PRAZO:<\/em><\/strong> O tempo de resposta da secretaria \u00e9 at\u00e9 <u>10 (dez) dias \u00fateis<\/u>, da formaliza\u00e7\u00e3o do pedido. A secretaria atende todas as solicita\u00e7\u00f5es em ordem de chegada.<\/p><p>\u00a0<\/p><p><strong><em>Aten\u00e7\u00e3o!<\/em><\/strong><\/p><p>Pedimos que, no preenchimento da ficha de cadastro, seja inclu\u00eddo um n\u00famero de contato para recados. O n\u00famero pode ser fixo ou celular, mas pedimos para n\u00e3o repetir n\u00fameros j\u00e1 preenchidos em outras op\u00e7\u00f5es. Solicitamos especial aten\u00e7\u00e3o para que, se estiverem aguardando retorno do CRP-CE, verifiquem tamb\u00e9m suas caixas de Spam ou Lixo Eletr\u00f4nico, pois alguns servidores podem acabar direcionando as mensagens para l\u00e1. Obrigado!<\/p>\t\t\t\t\t\t\t\t<\/div>\n\t\t\t\t<\/div>\n\t\t\t\t<div class=\"elementor-element elementor-element-4c08612 elementor-widget elementor-widget-button\" data-id=\"4c08612\" data-element_type=\"widget\" data-widget_type=\"button.default\">\n\t\t\t\t<div class=\"elementor-widget-container\">\n\t\t\t\t\t\t\t\t\t<div class=\"elementor-button-wrapper\">\n\t\t\t\t\t<a class=\"elementor-button elementor-button-link elementor-size-sm\" href=\"https:\/\/cfp.brctotal.com\/crp11\/pgsRequerimento\/SelecionaRequerimento.aspx\">\n\t\t\t\t\t\t<span class=\"elementor-button-content-wrapper\">\n\t\t\t\t\t\t\t\t\t<span class=\"elementor-button-text\">Requerimento<\/span>\n\t\t\t\t\t<\/span>\n\t\t\t\t\t<\/a>\n\t\t\t\t<\/div>\n\t\t\t\t\t\t\t\t<\/div>\n\t\t\t\t<\/div>\n\t\t\t\t\t<\/div>\n\t\t<\/div>\n\t\t\t\t\t<\/div>\n\t\t<\/section>\n\t\t\t\t<\/div>\n\t\t","protected":false},"excerpt":{"rendered":"<p>Registro Pessoa F\u00edsica A inscri\u00e7\u00e3o junto ao Conselho Regional de Psicologia do Cear\u00e1\u00a0dever\u00e1 ser solicitada\u00a0ap\u00f3s a conclus\u00e3o e cola\u00e7\u00e3o de grau do curso de Psicologia\u00a0\u2014 Forma\u00e7\u00e3o de Psic\u00f3logo (reconhecido pelo [&hellip;]<\/p>\n","protected":false},"author":1,"featured_media":0,"parent":0,"menu_order":0,"comment_status":"closed","ping_status":"closed","template":"elementor_header_footer","meta":{"footnotes":""},"class_list":["post-3891","page","type-page","status-publish","hentry"],"_links":{"self":[{"href":"https:\/\/crp11.org.br\/index.php?rest_route=\/wp\/v2\/pages\/3891","targetHints":{"allow":["GET"]}}],"collection":[{"href":"https:\/\/crp11.org.br\/index.php?rest_route=\/wp\/v2\/pages"}],"about":[{"href":"https:\/\/crp11.org.br\/index.php?rest_route=\/wp\/v2\/types\/page"}],"author":[{"embeddable":true,"href":"https:\/\/crp11.org.br\/index.php?rest_route=\/wp\/v2\/users\/1"}],"replies":[{"embeddable":true,"href":"https:\/\/crp11.org.br\/index.php?rest_route=%2Fwp%2Fv2%2Fcomments&post=3891"}],"version-history":[{"count":8,"href":"https:\/\/crp11.org.br\/index.php?rest_route=\/wp\/v2\/pages\/3891\/revisions"}],"predecessor-version":[{"id":4050,"href":"https:\/\/crp11.org.br\/index.php?rest_route=\/wp\/v2\/pages\/3891\/revisions\/4050"}],"wp:attachment":[{"href":"https:\/\/crp11.org.br\/index.php?rest_route=%2Fwp%2Fv2%2Fmedia&parent=3891"}],"curies":[{"name":"wp","href":"https:\/\/api.w.org\/{rel}","templated":true}]}}