{"id":3980,"date":"2023-12-20T11:48:39","date_gmt":"2023-12-20T14:48:39","guid":{"rendered":"https:\/\/crp11.org.br\/?page_id=3980"},"modified":"2025-12-04T09:10:29","modified_gmt":"2025-12-04T12:10:29","slug":"isencao-de-anuidade-por-doenca-orientacoes","status":"publish","type":"page","link":"https:\/\/crp11.org.br\/?page_id=3980","title":{"rendered":"Isen\u00e7\u00e3o de anuidade por doen\u00e7a &#8211; Orienta\u00e7\u00f5es"},"content":{"rendered":"\t\t<div data-elementor-type=\"wp-post\" data-elementor-id=\"3980\" class=\"elementor elementor-3980\" data-elementor-post-type=\"page\">\n\t\t\t\t\t\t<section class=\"elementor-section elementor-top-section elementor-element elementor-element-91f2f85 elementor-section-boxed elementor-section-height-default elementor-section-height-default\" data-id=\"91f2f85\" data-element_type=\"section\">\n\t\t\t\t\t\t<div class=\"elementor-container elementor-column-gap-default\">\n\t\t\t\t\t<div class=\"elementor-column elementor-col-100 elementor-top-column elementor-element elementor-element-dc68a36\" data-id=\"dc68a36\" data-element_type=\"column\">\n\t\t\t<div class=\"elementor-widget-wrap elementor-element-populated\">\n\t\t\t\t\t\t<div class=\"elementor-element elementor-element-a4e6750 elementor-widget elementor-widget-heading\" data-id=\"a4e6750\" data-element_type=\"widget\" data-widget_type=\"heading.default\">\n\t\t\t\t<div class=\"elementor-widget-container\">\n\t\t\t\t\t<h2 class=\"elementor-heading-title elementor-size-default\">Interrup\u00e7\u00e3o de anuidade por doen\u00e7a<\/h2>\t\t\t\t<\/div>\n\t\t\t\t<\/div>\n\t\t\t\t<div class=\"elementor-element elementor-element-5b28602 elementor-widget elementor-widget-text-editor\" data-id=\"5b28602\" data-element_type=\"widget\" data-widget_type=\"text-editor.default\">\n\t\t\t\t<div class=\"elementor-widget-container\">\n\t\t\t\t\t\t\t\t\t<p>A(O) profissional poder\u00e1 solicitar interrup\u00e7\u00e3o tempor\u00e1ria no pagamento da anuidade por motivo de doen\u00e7a devidamente comprovada que tenha gerado afastamento das atividades profissionais por um per\u00edodo superior a 30 dias ininterruptos.<\/p><h4>Como realizar Interrup\u00e7\u00e3o de Anuidade por Doen\u00e7a?<\/h4><ul><li>Acesse o requerimento de Isen\u00e7\u00e3o de Anuidade por Doen\u00e7a, no bot\u00e3o que fica localizado ap\u00f3s as instru\u00e7\u00f5es e preencha a solicita\u00e7\u00e3o;<\/li><\/ul><h4>Documentos obrigat\u00f3rios<\/h4><ul><li>Os seguintes documentos dever ser digitalizados e anexados em formato PDF:<\/li><li>Comprova\u00e7\u00e3o da doen\u00e7a mediante laudo\/atestado emitido por servi\u00e7o de sa\u00fade p\u00fablica em n\u00edveis federal, estadual e municipal. No documento dever\u00e1 constar o per\u00edodo de afastamento e\/ou data de in\u00edcio e t\u00e9rmino do afastamento, a declara\u00e7\u00e3o expl\u00edcita da impossibilidade de exercer as atividades profissionais e o n\u00famero do CID (C\u00f3digo Internacional de Doen\u00e7as).<\/li><li>Comprovante de Endere\u00e7o (de acordo com o informado no requerimento);<\/li><\/ul><p><strong><em>Observa\u00e7\u00e3o: <\/em><\/strong><em>Ap\u00f3s recebimento e an\u00e1lise da documenta\u00e7\u00e3o, encaminharemos of\u00edcio, por e-mail, para seu conhecimento.<\/em><\/p><p><strong><em>PRAZO:<\/em><\/strong><em> O tempo de resposta do setor de cadastro \u00e9 de at\u00e9 10 (dez) dias \u00fateis, da formaliza\u00e7\u00e3o do pedido.<\/em><\/p>\t\t\t\t\t\t\t\t<\/div>\n\t\t\t\t<\/div>\n\t\t\t\t<div class=\"elementor-element elementor-element-3d1b868 elementor-widget elementor-widget-button\" data-id=\"3d1b868\" data-element_type=\"widget\" data-widget_type=\"button.default\">\n\t\t\t\t<div class=\"elementor-widget-container\">\n\t\t\t\t\t\t\t\t\t<div class=\"elementor-button-wrapper\">\n\t\t\t\t\t<a class=\"elementor-button elementor-button-link elementor-size-sm\" href=\"https:\/\/cfp.brctotal.com\/crp11\/pgsRequerimento\/SelecionaRequerimento.aspx\">\n\t\t\t\t\t\t<span class=\"elementor-button-content-wrapper\">\n\t\t\t\t\t\t\t\t\t<span class=\"elementor-button-text\">Requerimento<\/span>\n\t\t\t\t\t<\/span>\n\t\t\t\t\t<\/a>\n\t\t\t\t<\/div>\n\t\t\t\t\t\t\t\t<\/div>\n\t\t\t\t<\/div>\n\t\t\t\t\t<\/div>\n\t\t<\/div>\n\t\t\t\t\t<\/div>\n\t\t<\/section>\n\t\t\t\t<\/div>\n\t\t","protected":false},"excerpt":{"rendered":"<p>Interrup\u00e7\u00e3o de anuidade por doen\u00e7a A(O) profissional poder\u00e1 solicitar interrup\u00e7\u00e3o tempor\u00e1ria no pagamento da anuidade por motivo de doen\u00e7a devidamente comprovada que tenha gerado afastamento das atividades profissionais por um [&hellip;]<\/p>\n","protected":false},"author":1,"featured_media":0,"parent":0,"menu_order":0,"comment_status":"closed","ping_status":"closed","template":"elementor_header_footer","meta":{"footnotes":""},"class_list":["post-3980","page","type-page","status-publish","hentry"],"_links":{"self":[{"href":"https:\/\/crp11.org.br\/index.php?rest_route=\/wp\/v2\/pages\/3980","targetHints":{"allow":["GET"]}}],"collection":[{"href":"https:\/\/crp11.org.br\/index.php?rest_route=\/wp\/v2\/pages"}],"about":[{"href":"https:\/\/crp11.org.br\/index.php?rest_route=\/wp\/v2\/types\/page"}],"author":[{"embeddable":true,"href":"https:\/\/crp11.org.br\/index.php?rest_route=\/wp\/v2\/users\/1"}],"replies":[{"embeddable":true,"href":"https:\/\/crp11.org.br\/index.php?rest_route=%2Fwp%2Fv2%2Fcomments&post=3980"}],"version-history":[{"count":16,"href":"https:\/\/crp11.org.br\/index.php?rest_route=\/wp\/v2\/pages\/3980\/revisions"}],"predecessor-version":[{"id":5772,"href":"https:\/\/crp11.org.br\/index.php?rest_route=\/wp\/v2\/pages\/3980\/revisions\/5772"}],"wp:attachment":[{"href":"https:\/\/crp11.org.br\/index.php?rest_route=%2Fwp%2Fv2%2Fmedia&parent=3980"}],"curies":[{"name":"wp","href":"https:\/\/api.w.org\/{rel}","templated":true}]}}