{"id":4159,"date":"2024-03-21T09:27:53","date_gmt":"2024-03-21T12:27:53","guid":{"rendered":"https:\/\/crp11.org.br\/?page_id=4159"},"modified":"2024-05-29T13:46:35","modified_gmt":"2024-05-29T16:46:35","slug":"declaracoes","status":"publish","type":"page","link":"https:\/\/crp11.org.br\/?page_id=4159","title":{"rendered":"Declara\u00e7\u00f5es"},"content":{"rendered":"\t\t<div data-elementor-type=\"wp-post\" data-elementor-id=\"4159\" class=\"elementor elementor-4159\" data-elementor-post-type=\"page\">\n\t\t\t\t\t\t<section class=\"elementor-section elementor-top-section elementor-element elementor-element-91f2f85 elementor-section-boxed elementor-section-height-default elementor-section-height-default\" data-id=\"91f2f85\" data-element_type=\"section\">\n\t\t\t\t\t\t<div class=\"elementor-container elementor-column-gap-default\">\n\t\t\t\t\t<div class=\"elementor-column elementor-col-100 elementor-top-column elementor-element elementor-element-dc68a36\" data-id=\"dc68a36\" data-element_type=\"column\">\n\t\t\t<div class=\"elementor-widget-wrap elementor-element-populated\">\n\t\t\t\t\t\t<div class=\"elementor-element elementor-element-f2cbf78 elementor-widget elementor-widget-heading\" data-id=\"f2cbf78\" data-element_type=\"widget\" data-widget_type=\"heading.default\">\n\t\t\t\t<div class=\"elementor-widget-container\">\n\t\t\t\t\t<h2 class=\"elementor-heading-title elementor-size-default\">Declara\u00e7\u00f5es<\/h2>\t\t\t\t<\/div>\n\t\t\t\t<\/div>\n\t\t\t\t<div class=\"elementor-element elementor-element-5b28602 elementor-widget elementor-widget-text-editor\" data-id=\"5b28602\" data-element_type=\"widget\" data-widget_type=\"text-editor.default\">\n\t\t\t\t<div class=\"elementor-widget-container\">\n\t\t\t\t\t\t\t\t\t<p><i>Para emiss\u00e3o de Certid\u00e3o de Regularidade de Inscri\u00e7\u00e3o, a(o) Psic\u00f3loga(o) dever\u00e1 estar registrada(o) e em dia com as anuidades at\u00e9 o exerc\u00edcio vigente (pagamento integral) ou (parcelado) do CRP-CE e n\u00e3o ter Processo \u00c9tico.<\/i><\/p>\n<p><i style=\"font-family: var( --e-global-typography-text-font-family ), Roboto; font-weight: var( --e-global-typography-text-font-weight ); font-size: 1rem;\">Profissionais com d\u00e9bitos devem entrar em contato com a institui\u00e7\u00e3o pelo e-mail: cobranca@crp11.org.br, para regularizar a situa\u00e7\u00e3o antes de realizar o procedimento.<\/i><\/p>\n<p><i style=\"font-family: var( --e-global-typography-text-font-family ), Roboto; font-weight: var( --e-global-typography-text-font-weight ); font-size: 1rem;\">&nbsp;<\/i><\/p>\n<p><i style=\"font-family: var( --e-global-typography-text-font-family ), Roboto; font-weight: var( --e-global-typography-text-font-weight ); font-size: 1rem;\">Como realizar o pedido da Certid\u00e3o?<\/i><\/p>\n<p><i style=\"font-family: var( --e-global-typography-text-font-family ), Roboto; font-weight: var( --e-global-typography-text-font-weight ); font-size: 1rem;\">\u2013 Acesse o requerimento de Certid\u00f5es, no bot\u00e3o que fica localizado ap\u00f3s as instru\u00e7\u00f5es e preencha a solicita\u00e7\u00e3o;<\/i><\/p>\n<p><i style=\"font-family: var( --e-global-typography-text-font-family ), Roboto; font-weight: var( --e-global-typography-text-font-weight ); font-size: 1rem;\">Certid\u00f5es que podem ser solicitadas no CRP-CE<\/i><\/p>\n<p><i style=\"font-family: var( --e-global-typography-text-font-family ), Roboto; font-weight: var( --e-global-typography-text-font-weight ); font-size: 1rem;\">\u2013 Certid\u00e3o de Regularidade de Inscri\u00e7\u00e3o;<\/i><\/p>\n<p><i style=\"font-family: var( --e-global-typography-text-font-family ), Roboto; font-weight: var( --e-global-typography-text-font-weight ); font-size: 1rem;\">\u2013 Certid\u00e3o de Regularidade de Inscri\u00e7\u00e3o com T\u00edtulo Especialista;<\/i><\/p>\n<p><i style=\"font-family: var( --e-global-typography-text-font-family ), Roboto; font-weight: var( --e-global-typography-text-font-weight ); font-size: 1rem;\">\u2013 Certid\u00e3o \u00c9tico-Profissional;<\/i><\/p>\n<p><i style=\"font-family: var( --e-global-typography-text-font-family ), Roboto; font-weight: var( --e-global-typography-text-font-weight ); font-size: 1rem;\">\u2013 Certid\u00e3o de Regularidade Financeira.<\/i><\/p>\n<p><i style=\"font-family: var( --e-global-typography-text-font-family ), Roboto; font-weight: var( --e-global-typography-text-font-weight ); font-size: 1rem;\">&nbsp;<\/i><\/p>\n<p><i style=\"font-family: var( --e-global-typography-text-font-family ), Roboto; font-weight: var( --e-global-typography-text-font-weight ); font-size: 1rem;\">OBS: As Certid\u00e3o de Regularidade de Inscri\u00e7\u00e3o com T\u00edtulo Especialista, Certid\u00e3o \u00c9tico-Profissional, Certid\u00e3o de Regularidade Financeira no momento dever\u00e3o ser solicitadas por e-mail, a saber:&nbsp;<\/i><\/p>\n<p><i style=\"font-family: var( --e-global-typography-text-font-family ), Roboto; font-weight: var( --e-global-typography-text-font-weight ); font-size: 1rem;\">\u2013 Certid\u00e3o de Regularidade de Inscri\u00e7\u00e3o com T\u00edtulo Especialista<\/i><\/p>\n<p><i style=\"font-family: var( --e-global-typography-text-font-family ), Roboto; font-weight: var( --e-global-typography-text-font-weight ); font-size: 1rem;\">&nbsp; &nbsp; \u2013 secretaria@crp11.org.br<\/i><\/p>\n<p><i style=\"font-family: var( --e-global-typography-text-font-family ), Roboto; font-weight: var( --e-global-typography-text-font-weight ); font-size: 1rem;\">\u2013 Certid\u00e3o \u00c9tico-Profissional<\/i><\/p>\n<p><i style=\"font-family: var( --e-global-typography-text-font-family ), Roboto; font-weight: var( --e-global-typography-text-font-weight ); font-size: 1rem;\">&nbsp; &nbsp; \u2013 coe@crp11.org.br<\/i><\/p>\n<p><i style=\"font-family: var( --e-global-typography-text-font-family ), Roboto; font-weight: var( --e-global-typography-text-font-weight ); font-size: 1rem;\">\u2013 Certid\u00e3o de Regularidade Financeira<\/i><\/p>\n<p><i style=\"font-family: var( --e-global-typography-text-font-family ), Roboto; font-weight: var( --e-global-typography-text-font-weight ); font-size: 1rem;\">&nbsp; &nbsp; \u2013 cobranca@crp11.org.br<\/i><\/p>\t\t\t\t\t\t\t\t<\/div>\n\t\t\t\t<\/div>\n\t\t\t\t<div class=\"elementor-element elementor-element-c365d53 elementor-widget elementor-widget-button\" data-id=\"c365d53\" data-element_type=\"widget\" data-widget_type=\"button.default\">\n\t\t\t\t<div class=\"elementor-widget-container\">\n\t\t\t\t\t\t\t\t\t<div class=\"elementor-button-wrapper\">\n\t\t\t\t\t<a class=\"elementor-button elementor-button-link elementor-size-sm\" href=\"https:\/\/cfp.brctotal.com\/crp11\/pgsRequerimento\/SelecionaRequerimento.aspx\">\n\t\t\t\t\t\t<span class=\"elementor-button-content-wrapper\">\n\t\t\t\t\t\t\t\t\t<span class=\"elementor-button-text\">Requerimento<\/span>\n\t\t\t\t\t<\/span>\n\t\t\t\t\t<\/a>\n\t\t\t\t<\/div>\n\t\t\t\t\t\t\t\t<\/div>\n\t\t\t\t<\/div>\n\t\t\t\t\t<\/div>\n\t\t<\/div>\n\t\t\t\t\t<\/div>\n\t\t<\/section>\n\t\t\t\t<\/div>\n\t\t","protected":false},"excerpt":{"rendered":"<p>Declara\u00e7\u00f5es Para emiss\u00e3o de Certid\u00e3o de Regularidade de Inscri\u00e7\u00e3o, a(o) Psic\u00f3loga(o) dever\u00e1 estar registrada(o) e em dia com as anuidades at\u00e9 o exerc\u00edcio vigente (pagamento integral) ou (parcelado) do CRP-CE [&hellip;]<\/p>\n","protected":false},"author":1,"featured_media":0,"parent":0,"menu_order":0,"comment_status":"closed","ping_status":"closed","template":"elementor_header_footer","meta":{"footnotes":""},"class_list":["post-4159","page","type-page","status-publish","hentry"],"_links":{"self":[{"href":"https:\/\/crp11.org.br\/index.php?rest_route=\/wp\/v2\/pages\/4159","targetHints":{"allow":["GET"]}}],"collection":[{"href":"https:\/\/crp11.org.br\/index.php?rest_route=\/wp\/v2\/pages"}],"about":[{"href":"https:\/\/crp11.org.br\/index.php?rest_route=\/wp\/v2\/types\/page"}],"author":[{"embeddable":true,"href":"https:\/\/crp11.org.br\/index.php?rest_route=\/wp\/v2\/users\/1"}],"replies":[{"embeddable":true,"href":"https:\/\/crp11.org.br\/index.php?rest_route=%2Fwp%2Fv2%2Fcomments&post=4159"}],"version-history":[{"count":7,"href":"https:\/\/crp11.org.br\/index.php?rest_route=\/wp\/v2\/pages\/4159\/revisions"}],"predecessor-version":[{"id":4247,"href":"https:\/\/crp11.org.br\/index.php?rest_route=\/wp\/v2\/pages\/4159\/revisions\/4247"}],"wp:attachment":[{"href":"https:\/\/crp11.org.br\/index.php?rest_route=%2Fwp%2Fv2%2Fmedia&parent=4159"}],"curies":[{"name":"wp","href":"https:\/\/api.w.org\/{rel}","templated":true}]}}