{"id":5902,"date":"2026-01-09T16:29:24","date_gmt":"2026-01-09T19:29:24","guid":{"rendered":"https:\/\/crp11.org.br\/?page_id=5902"},"modified":"2026-01-12T09:47:46","modified_gmt":"2026-01-12T12:47:46","slug":"penalidades-eticas","status":"publish","type":"page","link":"https:\/\/crp11.org.br\/?page_id=5902","title":{"rendered":"Penalidades \u00c9ticas"},"content":{"rendered":"\t\t<div data-elementor-type=\"wp-post\" data-elementor-id=\"5902\" class=\"elementor elementor-5902\" data-elementor-post-type=\"page\">\n\t\t\t\t\t\t<section class=\"elementor-section elementor-top-section elementor-element elementor-element-91f2f85 elementor-section-boxed elementor-section-height-default elementor-section-height-default\" data-id=\"91f2f85\" data-element_type=\"section\">\n\t\t\t\t\t\t<div class=\"elementor-container elementor-column-gap-default\">\n\t\t\t\t\t<div class=\"elementor-column elementor-col-100 elementor-top-column elementor-element elementor-element-dc68a36\" data-id=\"dc68a36\" data-element_type=\"column\">\n\t\t\t<div class=\"elementor-widget-wrap elementor-element-populated\">\n\t\t\t\t\t\t<div class=\"elementor-element elementor-element-a4e6750 elementor-widget elementor-widget-heading\" data-id=\"a4e6750\" data-element_type=\"widget\" data-widget_type=\"heading.default\">\n\t\t\t\t<div class=\"elementor-widget-container\">\n\t\t\t\t\t<h2 class=\"elementor-heading-title elementor-size-default\"><h3 class=\"cor-texto-3 text-center\" style=\"font-family: Hind, sans-serif;line-height: 1.1;margin-top: 20px;margin-bottom: 10px;font-size: 24px;text-align: center\"><strong style=\"font-weight: bold\">Penalidades \u00c9ticas<\/strong><\/h3><\/h2>\t\t\t\t<\/div>\n\t\t\t\t<\/div>\n\t\t\t\t<div class=\"elementor-element elementor-element-5b28602 elementor-widget elementor-widget-text-editor\" data-id=\"5b28602\" data-element_type=\"widget\" data-widget_type=\"text-editor.default\">\n\t\t\t\t<div class=\"elementor-widget-container\">\n\t\t\t\t\t\t\t\t\t<h3>\u00a0<\/h3><table style=\"width: 707px; table-layout: fixed;\"><colgroup> <col style=\"width: 900px;\" \/> <col style=\"width: 160px;\" \/> <\/colgroup><tbody><tr><td>Nome<\/td><td>Data da Publica\u00e7\u00e3o<\/td><\/tr><tr><td><a style=\"color: #000; text-decoration: none;\" href=\"https:\/\/crp11.org.br\/wp-content\/uploads\/2026\/01\/SEI_2600978_Termo_de_Aplicacao_de_Penalidade-1.pdf\"><span style=\"color: #d00000;\">Fernando Henrique Fernandes (PDE N\u00ba 127\/2020 &#8211; CRP-11)<\/span> &#8211; <strong>CASSA\u00c7\u00c3O DO REGISTRO PARA O EXERC\u00cdCIO<\/strong> <strong>PROFISSIONAL<\/strong><br \/><\/a><\/td><td>08\/01\/2026<\/td><\/tr><\/tbody><\/table><p>\u00a0<\/p><p>\u00a0<\/p><p>\u00a0<\/p><p>\u00a0<\/p><p>\u00a0<\/p><p>\u00a0<\/p><p>\u00a0<\/p><p>\u00a0<\/p><p>\u00a0<\/p><p>\u00a0<\/p><p>\u00a0<\/p><p>\u00a0<\/p><p>\u00a0<\/p><p>\u00a0<\/p><p>\u00a0<\/p><p>\u00a0<\/p><p>\u00a0<\/p><p>\u00a0<\/p><p>\u00a0<\/p><p>\u00a0<\/p><p>\u00a0<\/p>\t\t\t\t\t\t\t\t<\/div>\n\t\t\t\t<\/div>\n\t\t\t\t\t<\/div>\n\t\t<\/div>\n\t\t\t\t\t<\/div>\n\t\t<\/section>\n\t\t\t\t<\/div>\n\t\t","protected":false},"excerpt":{"rendered":"<p>Penalidades \u00c9ticas \u00a0 Nome Data da Publica\u00e7\u00e3o Fernando Henrique Fernandes (PDE N\u00ba 127\/2020 &#8211; CRP-11) &#8211; CASSA\u00c7\u00c3O DO REGISTRO PARA O EXERC\u00cdCIO PROFISSIONAL 08\/01\/2026 \u00a0 \u00a0 \u00a0 \u00a0 \u00a0 \u00a0 [&hellip;]<\/p>\n","protected":false},"author":6,"featured_media":0,"parent":0,"menu_order":0,"comment_status":"closed","ping_status":"closed","template":"elementor_header_footer","meta":{"footnotes":""},"class_list":["post-5902","page","type-page","status-publish","hentry"],"_links":{"self":[{"href":"https:\/\/crp11.org.br\/index.php?rest_route=\/wp\/v2\/pages\/5902","targetHints":{"allow":["GET"]}}],"collection":[{"href":"https:\/\/crp11.org.br\/index.php?rest_route=\/wp\/v2\/pages"}],"about":[{"href":"https:\/\/crp11.org.br\/index.php?rest_route=\/wp\/v2\/types\/page"}],"author":[{"embeddable":true,"href":"https:\/\/crp11.org.br\/index.php?rest_route=\/wp\/v2\/users\/6"}],"replies":[{"embeddable":true,"href":"https:\/\/crp11.org.br\/index.php?rest_route=%2Fwp%2Fv2%2Fcomments&post=5902"}],"version-history":[{"count":28,"href":"https:\/\/crp11.org.br\/index.php?rest_route=\/wp\/v2\/pages\/5902\/revisions"}],"predecessor-version":[{"id":5938,"href":"https:\/\/crp11.org.br\/index.php?rest_route=\/wp\/v2\/pages\/5902\/revisions\/5938"}],"wp:attachment":[{"href":"https:\/\/crp11.org.br\/index.php?rest_route=%2Fwp%2Fv2%2Fmedia&parent=5902"}],"curies":[{"name":"wp","href":"https:\/\/api.w.org\/{rel}","templated":true}]}}